+ 108, 5*r + 5*q - 210 = 0. Suppose 3*x + 4*l + 50 = 9, -4*x = 3*l + 43. What is the remainder when r is divided by (3/(-2))/((x/1)/98)?
17
Suppose 0 = -5*u + 3*q + 313, -87*u - 4*q = -89*u + 142. Calculate the remainder when u is divided by 29.
1
Let k = -3 - 1. Let x = 1105 + -1095. What is the remainder when 83 is divided by (k - -9)/5 + x*2?
20
Let a = -84 - -87. Suppose 4*w + 3*c - 99 = 0, 2*w - 3*c - 117 = -a*w. Let n = -5 - -10. Calculate the remainder when w is divided by n.
4
Suppose 114*k = 115*k + 35. Let p = 47 + k. What is the remainder when 466 is divided by p?
10
Suppose -4*a + 2*o + 162 = 5*o, -2*a - o = -82. Let z(k) = 2*k**2 - 21*k - 9. Let l = -21 - -37. What is the remainder when z(l) is divided by a?
41
Suppose 4367 = 2*l - 5*y, -y = 50*l - 53*l + 6531. What is the remainder when l is divided by 9?
7
Let r be 1/(-6) + 2/((-48)/(-5668)). Let t = -225 + r. What is the remainder when 30 is divided by t?
8
Let x(o) = -3*o**3 - 4*o**2 - 34*o + 20. Let h(p) = 5*p**3 + 6*p**2 + 51*p - 31. Let y(n) = 5*h(n) + 8*x(n). What is the remainder when y(7) is divided by 17?
12
Suppose -5*d + 2*v = 4*v + 5, 4 = -4*d - 5*v. What is the remainder when 131 is divided by (d - 67)*-1 - (0 + 1)?
64
Let l(v) be the second derivative of v**4/3 - 10*v**3/3 - 17*v**2/2 - 269*v. What is the remainder when 143 is divided by l(7)?
26
Suppose -112 = 7*z - 280. Let k(t) = -t**3 + 8*t**2 - 13*t - 4. What is the remainder when z is divided by k(4)?
0
Let x be (3 - (-56)/3)*3. Let i = x - 54. Calculate the remainder when 15 is divided by i.
4
Suppose 5*k + 15 = 0, -4*k = 5*v - 4 - 29. Calculate the remainder when 9 is divided by (-6)/(-18) - (-24)/v.
0
Let d = 102 + -44. Let o(w) be the first derivative of w**4/2 + 25*w**3/3 - 5*w**2 + 45*w + 145. Calculate the remainder when d is divided by o(-13).
4
Let o be -4 - (0 - -5 - 2). Let k(z) = z**2 + z - 1. Let c(b) = b**2 - 6*b - 18. Let r(v) = -c(v) + 2*k(v). What is the remainder when r(o) is divided by 4?
1
Let w = -28 - -28. Suppose w*r + 18 = -3*r. Calculate the remainder when 73 is divided by 6/4*35/(-63)*r.
3
Let x(b) = -79*b + 1189. What is the remainder when 213 is divided by x(14)?
47
Let d(f) = -17*f**3 - 5*f**2 + 12*f + 1. Calculate the remainder when d(-3) is divided by 106.
61
Suppose w - 3*w + 1020 = 0. Suppose -48 = -3*k + w. Suppose -4*a + 11*g = -100, 4*a - 87 = g + 93. Calculate the remainder when k is divided by a.
45
Suppose -2244 = -4*s + 4*v, v + 1128 = 2*s - 3*v. Calculate the remainder when s is divided by 113.
106
Suppose v + 3 = 13. Suppose -171*q + 18 = -165*q. Let t(j) = 94*j - 235. What is the remainder when t(q) is divided by v?
7
Let o(u) = -5*u**3 - 6*u**2 - 24*u - 215. Calculate the remainder when o(-6) is divided by 263.
4
Let y(t) = 17*t + 21. Suppose 4*d - d + 5*l - 17 = 0, 0 = d - l + 5. Calculate the remainder when 58 is divided by y(d).
2
Calculate the remainder when -1 - -4 - -1589 - (47 + -50) is divided by 39.
35
What is the remainder when 146 is divided by (6*(-5)/150)/((-1)/145)?
1
What is the remainder when (9 - -2) + 124656/105 - 4/(-5) is divided by 200?
199
Let s = -5544 + 5727. Calculate the remainder when s is divided by 31.
28
Let u = -21992 - -22969. What is the remainder when u is divided by 58?
49
What is the remainder when 398 - 12*(-20)/(-20) is divided by 19?
6
Let l(z) = -z**2 + 12*z + 20. Let i be l(13). Let a = i + 29. Suppose b - 7*b = -a. What is the remainder when 28 is divided by b?
4
Suppose 3*w + 288 = 3*h, 3*h = 2*w - 4*w - 177. Let m = 15 - w. Calculate the remainder when m is divided by (22/(-6))/(20/(-120)).
20
Suppose 17*u - 15*u + 343 = 3*y, y + 5*u = 137. What is the remainder when 233 is divided by y?
116
Let o be 8*69/(-9) + (-2)/3. Let m be (-1 + 2)/(o/(-21) - 3). Let d(c) = -c**3 - 21*c**2 - 2*c + 19. What is the remainder when d(m) is divided by 16?
13
Let n be -6*1 - (916 + 16). Let y = -4 - -14. Calculate the remainder when (-25)/(-125) - (-1 + n/y) is divided by 14.
11
Let u(h) = 97*h + 15. Let p be u(1). Suppose -44 - p = -3*b. Calculate the remainder when b is divided by 14.
10
Calculate the remainder when ((-2613)/117)/((-4)/60) is divided by 84.
83
Let i be -1*181*-1 - (91 + -96). Let d = 8 + i. What is the remainder when d is divided by 25?
19
Let y = 6160 - 5959. Calculate the remainder when y is divided by 42.
33
Suppose -7492 = 5*n - 8227. What is the remainder when 1612 is divided by n?
142
Let s(n) = 2*n**2 + 3*n + 7. Let j = 71 - 75. What is the remainder when s(j) is divided by 14?
13
What is the remainder when 978 is divided by (-2)/(8/(-6) - 296/(-240))?
18
Let w = -3272 - -3388. Calculate the remainder when w is divided by 1.
0
Suppose 0 = 67*m - 111*m + 5368. Calculate the remainder when 1094 is divided by m.
118
Suppose 885 + 255 = 3*z. Suppose -z = w - 6*w. Let m(o) = -4*o**3 + 29*o**2 + 66*o - 1. What is the remainder when w is divided by m(9)?
24
Let q be -321*(14/(-6) - (-6 - -4)). Let v = 104 - q. What is the remainder when 19 is divided by (-158)/(-16) - (v + (-23)/(-8))?
9
Let l(p) = p**3 + 10*p**2 + 7*p - 18. Let y be l(-9). Calculate the remainder when (y + 1/3)*99 is divided by 5.
3
Let c(z) = -z**3 + 9*z**2 + 9. Suppose -3*j = -12, -3*j + 52 = 3*b + 2*b. Let x be c(b). Let w = x + -32. Calculate the remainder when 204 is divided by w.
40
Let v(s) = 60 + 2*s**2 - 145 - 3*s**2 + 64 + 5*s + 2*s**2. Let h be 2/(-11) + (-357)/33. Calculate the remainder when 179 is divided by v(h).
44
Let h = 7400 - 6722. What is the remainder when h is divided by 187?
117
Let i = -41 + 44. Suppose -i*k = 5 + 19. What is the remainder when 23 is divided by 1 + 1 - 4 - k?
5
Suppose 0 = 5*a, 6*p + 5*a = 11*p - 70. What is the remainder when 21 is divided by 3 - (-3 - -4) - (0 - p)?
5
Suppose -1317*d + 1319*d = 5*q + 11, 0 = 4*d - 3*q - 15. What is the remainder when 53 is divided by d?
2
Suppose 0 = 9*l + 959 + 148. Let p = l + 196. What is the remainder when 291 is divided by p?
72
Suppose s = 5*n - 245 - 270, 4*n = -2*s - 1044. Let m be (2/(-4))/((-4)/s). Let p = m - -92. What is the remainder when p is divided by 14?
13
Let a(f) = 168*f - 6036. Let s(v) = -v**2 + 6*v - 5. Let q be s(5). What is the remainder when a(36) is divided by 1 - (-5 - q) - 1?
2
Suppose -4*z + q = -44, 5*z + 5*q - 37 - 43 = 0. Let d(k) = 15*k**2 - 7*k + 7. Calculate the remainder when d(5) is divided by z.
11
Let k(d) = d + 4. Let f be 2/(-3)*(1 - 0)*-3. Suppose -a = 2*a + f*o - 17, -3*o = -2*a - 6. What is the remainder when a is divided by k(-3)?
0
Let x = 4341 + -3229. Calculate the remainder when x is divided by 5.
2
Suppose 26*n + 582 - 2896 = 0. Let w(b) = b**3 + 15*b**2 + 12*b - 18. What is the remainder when n is divided by w(-14)?
9
Suppose 0 = -25*f + 3078 - 200 + 1822. What is the remainder when f is divided by 88?
12
Suppose -94*v + 97*v - 438 = -k, -5*v + 732 = 2*k. Calculate the remainder when 289 is divided by v.
1
Let a(n) = -6*n + 6*n**3 + 89 - n**2 - 7*n**3 - 73. Calculate the remainder when 63 is divided by a(0).
15
Let j = 205 - 203. Suppose 179 = 3*a - 5*d, -10*a + 7*a + j*d + 185 = 0. Calculate the remainder when a is divided by (-8)/((-2)/(-4) - 1).
15
Suppose -6*x + 5*x - q = 88, 0 = -2*x + 4*q - 200. Calculate the remainder when (x/(-7))/(-5*(-16)/280) is divided by 12.
10
Suppose 6*o - 1755 = -3*i + 5*o, -i + 599 = 5*o. What is the remainder when i is divided by 72?
8
Let x(l) = l + 9. Let d be x(8). Suppose -d = w - 0*p + 5*p, -3*w + 3*p = -21. Calculate the remainder when 35 is divided by w.
2
Suppose -10*v - 28 = -377 - 5921. What is the remainder when v is divided by 169?
120
Calculate the remainder when 2612/(-10)*835/(-1002) - 1/(-3) is divided by 120.
98
Suppose -24*m + 8556 = 7*m. Suppose b - 388 = -b. Let h = m - b. Calculate the remainder when h is divided by 21.
19
Let h(j) = -125*j**3 + 3*j**2 - 7*j + 5. Let t be h(1). Let b = 274 + t. Calculate the remainder when b is divided by 51.
48
Let y = -210 - -226. Calculate the remainder when ((-2)/y*-22)/((-1)/(-36)) is divided by 10.
9
Let w(u) = 63*u**2 + 3*u. Let n = -75 + 83. Suppose -5*g - a + 3 - 9 = 0, -n = 5*g + 3*a. What is the remainder when w(g) is divided by 34?
26
Let w be (-12)/(-14) - (-19669)/91. Let h = w - 205. What is the remainder when h is di